= n**3 + 14*n**2 + 47*n + 168. Calculate g(-11).
14
Let h(g) = -g**3 + 10*g**2 - 68*g + 1388. Determine h(13).
-3
Let x(t) = -t**2 + 2*t + 236. What is x(-12)?
68
Let s(x) = -2*x**3 + 24*x**2 + 16*x - 58. Calculate s(11).
360
Let t(w) = 5*w**2 + 79*w + 26. Calculate t(-15).
-34
Let u(j) = j**2 + 66*j + 1013. Give u(-40).
-27
Let c(p) = 8*p - 821. What is c(99)?
-29
Let z(h) = -h**3 + 11*h**2 - 13*h - 7. Determine z(7).
98
Let p(x) = x**3 + x**2 - 96*x + 4. What is p(9)?
-50
Let r(t) = -t**3 - 126*t**2 - 6*t - 724. Calculate r(-126).
32
Let z(r) = -81*r + 18. Determine z(0).
18
Let k(w) = -w**2 + 32*w - 315. Determine k(20).
-75
Let p(z) = -4*z**2 - 41*z - 91. Give p(-3).
-4
Let t(d) = 6*d + 228. What is t(-33)?
30
Let z(k) = 7*k - 219. Calculate z(-36).
-471
Let i(j) = -5*j**2 - 31*j - 41. Give i(-8).
-113
Let k(z) = z**2 + 3*z - 738. What is k(26)?
16
Let p(b) = -b - 19. Determine p(-5).
-14
Let s(u) = -143*u - 19309. Calculate s(-135).
-4
Let k(i) = -2*i**3 + 16*i**2 - 17*i - 10. Give k(7).
-31
Let f(t) = t**3 - 12*t**2 - 2*t + 9. Determine f(12).
-15
Let f(u) = 244*u - 7568. What is f(31)?
-4
Let u(o) = -4*o**2 - 51*o + 109. Calculate u(-15).
-26
Let v(q) = -q**3 - 44*q**2 + 810*q + 134. Calculate v(-58).
250
Let w(u) = 16*u**3 + u**2 - u + 2. Calculate w(2).
132
Let q(g) = 2*g**3 + 21*g**2 - 98*g - 717. Determine q(-12).
27
Let m(d) = -d**2 + 23*d - 119. Calculate m(8).
1
Let c(r) = 55*r - 387. Calculate c(8).
53
Let z(j) = j**3 - 6*j**2 - 9*j + 18. Calculate z(7).
4
Let a(v) = -42*v + 2304. Calculate a(55).
-6
Let j(g) = -449*g + 3236. What is j(8)?
-356
Let b(y) = 176*y + 703. Calculate b(-4).
-1
Let s(l) = -37*l - 916. Determine s(-25).
9
Let z(s) = -s**3 - 9*s**2 + 28*s - 14. Calculate z(-14).
574
Let h(n) = 86*n - 1125. What is h(13)?
-7
Let b(o) = -5*o**2 - 52*o - 106. What is b(-13)?
-275
Let h(v) = -v**3 - 30*v**2 - 55*v + 47. What is h(-28)?
19
Let t(g) = -g**3 - 25*g**2 + 49*g + 10. Give t(2).
0
Let k(x) = x**3 - 4*x**2 - 22*x + 127. Calculate k(7).
120
Let r(o) = -3*o**3 - 16*o**2 - 1091*o - 3210. What is r(-3)?
0
Let g(a) = 532*a + 4744. Give g(-9).
-44
Let q(c) = -71*c - 3785. Calculate q(-50).
-235
Let j(z) = 2*z**3 - 172*z**2 - 175*z + 52. Determine j(87).
-35
Let w(n) = -3*n**2 + 219*n + 911. Determine w(-4).
-13
Let w(r) = 26*r - 59. What is w(4)?
45
Let x(o) = -o**3 - 4*o**2 + 15*o + 9. Give x(-7).
51
Let h(m) = -5*m + 72. What is h(5)?
47
Let l(r) = -r**2 + 26*r + 43. Determine l(21).
148
Let p(h) = 214*h - 1074. Determine p(5).
-4
Let z(t) = -55*t - 4271. Give z(-78).
19
Let y(f) = 2*f**3 - 21*f**2 - 14*f + 188. Give y(11).
155
Let z(n) = -8*n**2 + 180*n - 82. What is z(20)?
318
Let z(q) = -q**3 - 63*q**2 + 38*q + 2400. Determine z(-63).
6
Let z(h) = 2*h**2 + 4*h - 86. What is z(5)?
-16
Let q(g) = -g**3 + 105*g**2 - 1039*g + 499. What is q(94)?
29
Let a(s) = 6*s**2 - 318*s + 18. Determine a(53).
18
Let f(d) = 1558*d + 34277. Give f(-22).
1
Let a(l) = -l**3 + l**2 + 5*l - 4. Calculate a(0).
-4
Let l(r) = r**2 + 64*r + 343. Calculate l(-58).
-5
Let p(c) = -13*c**3 - 1206*c**2 + 277*c - 101. Determine p(-93).
85
Let f(m) = -93*m + 198. Give f(2).
12
Let d(h) = -485*h - 1227. Calculate d(-3).
228
Let d(h) = 3*h**2 - 84*h - 740. Calculate d(35).
-5
Let a(u) = -1178*u + 37695. Calculate a(32).
-1
Let j(h) = 19*h**2 - 315*h - 1303. Calculate j(20).
-3
Let k(j) = -4*j**2 - 76*j + 79. Give k(-21).
-89
Let p(j) = j**3 - 8*j**2 - 65*j + 496. Calculate p(8).
-24
Let n(s) = 2*s**3 - 44*s**2 + 242*s - 6. Determine n(11).
-6
Let t(k) = k**2 - 922*k + 3674. Determine t(4).
2
Let a(b) = -2*b**2 - 208*b - 2055. Determine a(-11).
-9
Let o(a) = -2*a**2 - 7*a + 114. Give o(-14).
-180
Let v(d) = -2*d**3 - 181*d**2 + 102*d + 1052. Give v(-91).
51
Let h(k) = 55*k + 3009. What is h(-55)?
-16
Let z(c) = 3*c**2 + 41*c + 92. Give z(-18).
326
Let a(c) = -c**3 + 4*c**2 + 7*c - 21. What is a(7)?
-119
Let b(u) = -6605*u - 19822. Determine b(-3).
-7
Let p(c) = -c**3 + 32*c - 170. Calculate p(6).
-194
Let n(z) = -z**3 - 19*z**2 - 19*z - 67. Calculate n(-18).
-49
Let t(s) = -843*s**2 + 2526*s + 4. Calculate t(3).
-5
Let b(i) = -i**2 + 66*i + 32. What is b(0)?
32
Let z(o) = -230*o + 22083. What is z(96)?
3
Let i(c) = -16*c**3 - 1280*c**2 - 2*c - 32. Determine i(-80).
128
Let t(u) = -2*u**3 - 116*u**2 - 123*u - 424. What is t(-57)?
89
Let f(r) = -6*r**3 - 3*r**2 + 4*r - 6. Calculate f(3).
-183
Let t(h) = 15*h**2 - 86*h - 58. Give t(7).
75
Let w(k) = k**2 + 136*k + 1802. Determine w(-15).
-13
Let k(a) = 12*a - 132. Determine k(12).
12
Let v(t) = t**3 - 14*t + 52. Determine v(5).
107
Let g(k) = k**3 + 3*k**2 + 70*k + 300. Give g(-4).
4
Let c(k) = k**3 - 11*k**2 - 7*k - 16. Determine c(12).
44
Let i(t) = t**3 + 30*t**2 + 68. What is i(-30)?
68
Let d(w) = w**3 - 37*w**2 + 74*w - 82. Calculate d(35).
58
Let l(v) = -20*v**2 - 201*v + 48. What is l(-9)?
237
Let l(d) = -d**3 + 19*d**2 - 13*d - 68. Determine l(18).
22
Let i(n) = 28*n**2 + 34*n - 5. Give i(3).
349
Let h(r) = -r**2 - 123*r + 924. Determine h(7).
14
Let d(c) = -2*c**3 + 58*c**2 - 121*c + 1817. What is d(28)?
-3
Let b(u) = u**2 + 44*u + 64. Determine b(-35).
-251
Let o(n) = -n**3 + 6*n**2 - 10*n + 5. What is o(0)?
5
Let z(b) = 2*b**3 - 5*b**2 + 30*b - 14. Determine z(3).
85
Let k(t) = 2*t**2 - 22*t - 65. Give k(15).
55
Let b(s) = 27*s - 46. What is b(8)?
170
Let j(m) = m**2 + 214*m + 2196. Calculate j(-11).
-37
Let m(q) = -44*q + 350. Give m(8).
-2
Let b(y) = -y**3 - 12*y**2 - 21*y - 30. Give b(-6).
-120
Let l(p) = -11*p + 302. Give l(18).
104
Let d(o) = 2174*o - 28246. Give d(13).
16
Let u(d) = -d**3 - 215*d**2 - 7531*d - 304. What is u(-44)?
4
Let b(p) = -p**2 - 196*p - 7291. Calculate b(-146).
9
Let z(x) = -12*x**2 + 53*x - 22. What is z(4)?
-2
Let v(m) = 28*m + 175. Determine v(7).
371
Let n(v) = 17*v + 397. Determine n(-26).
-45
Let m(u) = -265*u + 1578. Give m(6).
-12
Let l(q) = q**3 - 8*q**2 + q + 1. Give l(2).
-21
Let i(z) = -1159*z - 39404. What is i(-34)?
2
Let z(j) = -4*j + 49. Calculate z(21).
-35
Let d(f) = -662*f - 9260. Give d(-14).
8
Let i(r) = 2488*r - 34831. Give i(14).
1
Let o(p) = -2*p**3 + 45*p**2 - 35*p + 5. Determine o(22).
-281
Let o(j) = -59*j + 1415. What is o(24)?
-1
Let y(i) = -i**2 + 731*i + 3677. What is y(-5)?
-3
Let z(c) = c**3 + 8*c**2 - 3*c - 93. Calculate z(-10).
-263
Let c(z) = -1068*z + 1079. Determine c(1).
11
Let a(b) = 491*b + 1960. Determine a(-4).
-4
Let i(h) = 648*h - 2596. Calculate i(4).
-4
Let u(p) = -3*p**2 + 418*p - 6330. Determine u(122).
14
Let a(i) = 36*i - 71. Give a(2).
1
Let u(o) = o**2 + 103*o + 2437. Determine u(-37).
-5
Let h(l) = 17*l**2 + 4*l - 4. Determine h(-2).
56
Let u(y) = -y**2 + 12*y - 51. Give u(3).
-24
Let y(g) = 68*g + 116. Determine y(-6).
-292
Let f(m) = 15*m**2 + 65*m - 27. What is f(-5)?
23
Let v(p) = 21*p**2 - 30*p + 68. Calculate v(2).
92
Let t(i) = 92*i + 746. What is t(-8)?
10
Let d(a) = a**2 - 7*a - 19. What is d(5)?
-29
Let v(q) = -291*q - 75650. Calculate v(-260).
10
Let c(n) = n**3 + 16*n**2 - 5*n - 292. Determine c(-15).
8
Let n(h) = 34*h + 3318. What is n(-94)?
122
Let j(b) = -19*b - 898. Determine j(-47).
-5
Let p(f) = 5*f**3 - 217*f**2 + 494*f - 91. What is p(41)?
-9
Let j(u) = 9*u**2 - 43*u - 434. Give j(-5).
6
Let h(i) = -55*i + 174. Calculate h(3).
9
Let c(i) = 2*i**2 - 70*i + 808. Calculate c(19).
200
Let c(y) = 3139*y - 25113. Give c(8).
-1
Let q(r) = 106*r + 1663. What is q(-16)?
-33
Let w(v) = v**2 + 20*v + 11. What is w(-21)?
32
Let i(d) = d**2 + 7*d - 157. Determine i(9).
-13
Let j(o) = o**3 + 252*o**2 - 772*o - 1792. Give j(-255).
-7
Let k(a) = -27*a**3 - 32*a**2 - 36*a - 3. Calculate k(-1).
28
Let g(k) = 5*k**2 + 206*k + 265. What is g(-40)?
25
Let d(f) = 3*f**2 - 57*f + 219. What is d(14)?
9
Let s(k) = 2*k**3 - 74*k**2 + 73*k - 39. Give s(36).
-3
Let l(d) = 8735*d - 8737. Calculate l(1).
-2
Let i(u) = 54*u**2 - 143*u - 295. Determine i(4).
-3
Let d(g) = 2*g**2 - 186*g + 1261. Calculate d(7).
57
Let x(c) = -4*c**3 + 27*c**2 + 17*c - 66. What is x(7)?
4
Let u(o) = 249*o + 249. What is u(-1)?
0
Let g(n) = 21*n + 709. Calculate g(-34).
-5
Let y(f) = -17*f**2 + 156*f - 9. What is y(9)?
18
Let k(u) = u**2 - 146*u - 36292. Give k(-131).
-5
Let t(z) = -z**2 - 26*z + 193. What is t(7)?
-38
Let t(u) = -759*u - 2